 is the highest common factor of o and a?
20
Let b(g) = -8*g + 21. Let c(l) = 13*l + 43. Let z be c(-13). Let j be (z/28)/((-3)/(-4)). Let o be b(j). What is the greatest common divisor of 46 and o?
23
Let s(j) = 216 + 11*j - 120 - 97. Suppose 0 = b - 0*b + q - 5, 0 = -2*b + 4*q - 8. Let g be s(b). What is the highest common factor of g and 28?
7
Suppose -d + k + 329 = -3*k, -2*d = -5*k - 655. Let f = -33381 + 33406. What is the greatest common divisor of f and d?
25
Let t(k) = -7*k - 75. Let p be t(-25). Suppose -4*j + p = 6*j. Calculate the highest common divisor of j and 5.
5
Suppose -5*j - l - 14 = -0*l, 0 = 3*l - 3. Let c be j + 40 + -1 + 5. Let u = c + -29. Calculate the highest common divisor of 8 and u.
4
Let q be ((-36)/30)/(2/(-5) + 0). Suppose 525 = 4*h - q*c, 0 = 7*h - 11*h + 2*c + 526. Calculate the greatest common divisor of h and 12.
12
Suppose 0 = -2*r - n + 667, -47*r + 51*r = 2*n + 1330. What is the highest common factor of 185 and r?
37
Let a(v) = -3*v**3 + 52*v**2 + 39*v - 5. Let u be a(18). Suppose 31*s - 447 = u. Let l be 38/5 + (-10)/(-25). Calculate the highest common divisor of s and l.
8
Let o be 1/(-5 - (-8 + 2)). Let t be 3 + 0 + (-4)/4. Let h be t/4 + o + (-25)/(-2). Calculate the highest common factor of 98 and h.
14
Suppose 12*m - 8*m - 231 = m. Suppose 2*c - 4*x = -0 + 12, 0 = -4*c + 5*x + 36. What is the greatest common factor of m and c?
7
Let k = 8 - 3. Suppose 34 = j + k*r, -25*j + 2*r - 28 = -27*j. What is the greatest common divisor of j and 69?
3
Let a(x) = -5*x + x**2 - 14 - 17 + 47. Let p be a(12). Let y be 6/(-15)*p/(-2). What is the highest common factor of 5 and y?
5
Let j be (-5 - (-154)/35)/(1/(-165)). Suppose -2*v - 3 + 9 = 0. Suppose 2*n - v*n + 33 = 0. What is the highest common factor of n and j?
33
Suppose 9*j - 3*j = 4764. Let c = j + -519. Calculate the greatest common factor of c and 55.
55
Let z = -13526 - -15262. What is the highest common factor of z and 112?
56
Let b = 92 + -99. Let p(y) = -y**3 - 8*y**2 - 11*y + 12. Let u be p(b). Let n be 10*2 + (-1 - -1). Calculate the highest common factor of u and n.
20
Let z(b) = 7*b + 34. Let v be z(-2). Suppose v = x - 4. Suppose 226 - 34 = 2*u. Calculate the highest common factor of u and x.
24
Let s = 33 + 82. Let i = -51 - -110. Let a = i - 36. Calculate the greatest common divisor of a and s.
23
Let y(m) = m**2 - 112*m + 58. Let c be y(115). Calculate the highest common divisor of 31 and c.
31
Suppose -12*f - 394 = -94. Let i be -3*(-31 - f)*(-2)/(-6). What is the highest common divisor of i and 39?
3
Suppose 184 = 2*r + 4*d, d + 69 = -r + 164. Suppose -2*h = 2*h - 320. Suppose 2*l + 24 = h. Calculate the greatest common factor of l and r.
14
Let a be (-1)/((-3)/(-12)) + 47. Suppose 0 = -33*o + 3178 + 1079. Calculate the highest common factor of a and o.
43
Suppose 29*z - 19*z = 233 + 67. Let p = 4 + -4. Suppose -s + 24 = -p*s. Calculate the greatest common divisor of s and z.
6
Let k(j) = 57*j + 62. Let s be k(-1). Calculate the greatest common divisor of 635 and s.
5
Let n(x) = 10*x**3 - 50*x**2 + 67*x - 7. Let r be n(11). What is the greatest common divisor of r and 68?
34
Suppose -40 = 8*m - 28*m. Suppose 2*z - 5*h + 23 = 0, -5*z + 17 = m*h + 2. What is the greatest common divisor of 23 and z?
1
Let p be ((-48)/(-14))/(5 - 696/140). Let s be -4*12/p - 37/(-5). Let z be ((-14)/4)/(1/(-2)). What is the highest common divisor of z and s?
7
Suppose -4687*m + 4618*m + 16353 = 0. What is the highest common divisor of m and 2449?
79
Let p(r) = -98*r**3 + 4*r + 3. Let h be p(-1). Let s = -88 + h. Let v(a) = a**3 - 6*a**2 + 3*a - 6. Let o be v(6). What is the highest common factor of o and s?
3
Let r = 4519 - 4350. Calculate the greatest common factor of 3211 and r.
169
Suppose s = -18 + 16. Let a be (-2)/(s/961) + -1. What is the greatest common factor of 64 and a?
64
Suppose 43*s + 3333 = -18511. Let k = 700 + s. Calculate the highest common factor of 36 and k.
12
Let y be (18 - (-8 - -2))*2*(-16)/(-2). What is the greatest common factor of 1600 and y?
64
Let s(x) = -64*x - 59. Let w be s(-5). Calculate the greatest common factor of 986 and w.
29
Let m = -170 - -174. What is the highest common divisor of m and 244?
4
Suppose -12 = -4*a, -4*k - 4*a - 13 = -3*a. Let z be 10/(-4)*k/5. Let o be 21 - -2*1/(-3 + z). What is the greatest common factor of 38 and o?
19
Let v = 4 + -2. Let s be (-1)/v - 52/(-8). Suppose -4*x - s*x + 70 = 0. Calculate the highest common divisor of 14 and x.
7
Let l = -13 + 28. Suppose -364 = -4*a + 4*t, 3*t - 97 = -a + 2*t. Let s = 104 - a. Calculate the greatest common divisor of l and s.
5
Let s be ((-40593)/(-18))/(6/36). Calculate the highest common factor of s and 14.
7
Let t(z) = z + 10. Let h be t(-5). Let x be (-27 + 22)/((-2)/8). Suppose -h*p = g - 23, 5*g - 3*p + x = 79. What is the greatest common divisor of 65 and g?
13
Let a be ((-2)/(-4))/(38/10488). What is the highest common factor of 12696 and a?
138
Let l(n) = 11*n**2 + 7*n + 18. Let h be l(9). Suppose 43*g - 16*g - h = 0. Calculate the greatest common factor of 27 and g.
9
Suppose -45 + 332 = 3*c - 205. Calculate the greatest common divisor of c and 492.
164
Let b be (6/12)/(3/126). Suppose 58 = 22*g - b*g. Let q(c) = 4*c**3 + 4*c**2 + c - 2. Let i be q(3). Calculate the greatest common factor of i and g.
29
Suppose 0 = 5*r + 4*f - 15, -1 - 14 = 3*f. Suppose 2*x - 8*j + r*j = 124, 5*x = -2*j + 301. Calculate the greatest common factor of x and 549.
61
Suppose 4*d - 9*d - 112 = -3*m, 0 = m + 7*d - 72. Calculate the highest common factor of 1826 and m.
22
Let i = 509 + -361. Let r(g) = 3*g**3 - 2*g**2 + g + 1. Let y be r(-2). Let p = y + i. What is the highest common divisor of 46 and p?
23
Suppose 0 = -5*i + 4*d + 176, 2*i + 2*d = -d + 52. What is the greatest common factor of 1176 and i?
8
Let d(l) = l**2 - 5*l + 15. Let m be d(4). Let b be 136*1 + 22/m. Calculate the highest common factor of 46 and b.
46
Let n = 5708 - 5687. Calculate the greatest common factor of 1211 and n.
7
Let b = 22 + -15. Let c be (-1)/(4/80*5). Let z be c/6*(-42)/1. Calculate the highest common divisor of b and z.
7
Let r = 33 - -38. Suppose r*c - 72*c = -44. Suppose -49*u = -c*u - 1000. Calculate the highest common divisor of u and 80.
40
Let g be (7 + 9)/(36/189). Let a(k) = 18*k. Let x be a(2). Calculate the highest common divisor of x and g.
12
Let i be (-1)/3 + 5700/9. Suppose 2*n = 5*y + 624, -5*y = -0*y + n + i. Let b = y - -196. What is the greatest common divisor of b and 10?
10
Let h = -14025 + 14205. Calculate the highest common factor of 1494 and h.
18
Let b = 2640 - 2580. Calculate the highest common factor of b and 144.
12
Suppose 16*u - 7011 = 461. Let r = u + -71. What is the greatest common divisor of r and 36?
36
Let h be 75/((21/((-9639)/(-34)))/(4/6)). What is the highest common factor of h and 50?
25
Suppose 16*o + 15*o = -19*o + 1500. What is the greatest common divisor of o and 42?
6
Let z(l) = -9*l**3 + 31*l**2 + 151*l - 8. Let i be z(-6). What is the highest common divisor of i and 2?
2
Suppose -10215 = -12*b + 6*b + 801. What is the greatest common divisor of b and 648?
108
Suppose -272 = -t + 2*h, -46*h + 49*h - 3507 = -13*t. Let v(l) = -l**3 - 2*l**2 + 6*l + 2. Let c be v(-4). What is the highest common divisor of c and t?
10
Let w be 19/(2280/(-90)) - (1 - 105/12). What is the highest common factor of w and 7147?
7
Let l(v) = -2*v + 8. Let k be l(-9). Suppose 48*f - 1314 = -546. Let u = k - f. Calculate the greatest common factor of 10 and u.
10
Let u be (6*6150/(-12))/(-4 + (-25)/(-10)). What is the highest common factor of u and 700?
50
Let u = -15 - -17. Let h be 36/(u*(30/16)/5). Calculate the highest common divisor of 32 and h.
16
Suppose -45 = 4*b - 69. Suppose 0*r = -r + b. What is the highest common factor of 7 and r?
1
Let x be 2/(10/2 - 3). Let a be ((3 + 44)*1)/x. Let h = a + -40. Calculate the highest common divisor of h and 7.
7
Let a be (4/(-6))/(((-18)/(-27))/(85*-10)). What is the highest common divisor of a and 50?
50
Let h(s) be the first derivative of s**3 - s**2 + 9*s + 21. Let j be h(5). Let v = j - 65. Calculate the highest common factor of 1 and v.
1
Let z be (-1 - -2)/(19/(-5) - -4). Let y be (-12)/20 + (2 - (-318)/z). C